ber?
True
Is (-4)/(-32)*4*1738 prime?
False
Suppose 4 = 4*g - 20. Let q be g/8 - (-26)/8. Suppose -11 = q*o - 151. Is o a prime number?
False
Suppose -8208 + 22314 = 3*i. Is i a prime number?
False
Suppose -w - 3*w = -7548. Let l = 3256 - w. Is l composite?
True
Suppose 0 = -q - 5*q + 18. Suppose -4*n + 20 = 0, -5*d + q*d = -4*n + 82. Let b = d + 128. Is b composite?
False
Suppose 0 = -3*c + 2*t - 48, 2*t + 61 = -5*c - t. Let s = c - -8. Is 738/15*(-15)/s prime?
False
Let g(b) be the first derivative of -b**3/3 - 4*b**2 + 10. Let u be g(-11). Let m = 80 + u. Is m a composite number?
False
Suppose 2*b - 2*r = -154, 4*r - 123 = -3*b - 326. Let u = 490 - b. Is u a composite number?
False
Let j = 7 - 14. Is ((58*j + -3)*-1)/1 a composite number?
False
Let p(u) = u**3 - 5*u**2 - u + 5. Let g be p(5). Suppose g = -3*d - 3*d + 276. Is d a prime number?
False
Let m = -346 - -1665. Suppose m - 155 = t. Suppose -5*p + p = -t. Is p a prime number?
False
Let l = 95 + -88. Suppose -l*z = -333 - 185. Is z composite?
True
Suppose -4*a + 4*u - 204 = 0, 0 = -4*a + 3*a + 2*u - 51. Is 6778/4 + a/34 a prime number?
True
Let y be (-9942)/42 + (-4)/14. Suppose -5*q + 4*a + a = -2465, 3*q = -2*a + 1469. Let d = y + q. Is d composite?
True
Let f(d) = -62*d + 174. Let x be f(19). Let a = -394 + -1037. Let z = x - a. Is z composite?
True
Suppose 2685*s = 2692*s - 72429. Is s a composite number?
True
Let r = -833 - -2574. Is r a prime number?
True
Let f(l) be the third derivative of l**5/20 + l**4/12 - 13*l**3/6 + 5*l**2. Is f(10) composite?
False
Let s(k) = 10*k**2 - 20*k + 17. Suppose o + 2*o - 4*u - 49 = 0, 3*u = -o + 12. Is s(o) a prime number?
False
Suppose -7*y + 18962 = 5*z - 8*y, -5*y = -15. Is z composite?
False
Let p = -12 + 9. Suppose f + 5*l + 575 = 0, -2*l + 1706 = -3*f + 2*l. Is 4/p + f/(-9) prime?
False
Let b = 26316 + -10765. Is b composite?
False
Suppose -s = -2*j + 5*j + 266, -4*j - 1330 = 5*s. Let u = 477 + s. Is u composite?
False
Let f(i) = -i**2 - 9*i - 5. Let m be f(-8). Let n be (-58)/(-8) + m/4. Suppose -n = -4*h + 196. Is h composite?
True
Let b = -9 - -12. Suppose -6*m + 4*l - 20 = -b*m, 3*m = 5*l - 25. Is (-1 - m)/(1/(-103)) composite?
False
Let u be 4/6 + (-523)/(-3). Suppose -41*w + 11*w = -3660. Let a = u - w. Is a a composite number?
False
Let d be 0/(-1*(-5 + 3)). Suppose d = -i - 4*u + 3 - 1, 2*i = -5*u + 7. Let p(x) = 4*x**2 + 8*x - 1. Is p(i) a prime number?
True
Let j = 110837 - 57368. Suppose -2*l - 7*l = -j. Is l composite?
True
Suppose 0 = 3*g + 4*n - 105881, g - 35287 = 12*n - 15*n. Is g prime?
False
Let p be -1*3*4900/(-12). Let v = p - -554. Is v composite?
True
Let x = 83 - -4232. Is x a composite number?
True
Let o = -418 + 1063. Suppose -5*s = -0*s - o. Suppose s = i + 32. Is i a composite number?
False
Suppose 11609 = 2*l + 3883. Is l a prime number?
True
Let b(z) = 2*z**2 + 15*z - 16. Let x be b(-8). Let y = 191 - x. Is y a composite number?
False
Is (11 + (-320)/30)*185391 a composite number?
True
Suppose k - 4*s = -4*k + 2403, 0 = -3*k + 4*s + 1445. Suppose -4*i - 2*y = -5333 + k, -3623 = -3*i + 2*y. Is i a composite number?
True
Let g be (4 - 1)/(16 + -19). Let j be (g - -1)*(-3 - -4). Suppose w + 3*u - 1393 = j, -3*w - 5*u - 5572 = -7*w. Is w a prime number?
False
Let y(g) = -16*g**2 + 8*g - 8. Let b be y(8). Let h = -459 - -126. Let c = h - b. Is c prime?
False
Let z = -424 - -2955. Is z a composite number?
False
Let p(i) = -19*i + 8. Let j be p(5). Let t = -783 + 461. Let u = j - t. Is u a composite number?
True
Let g(l) = 4*l**3 - 8*l**2 + 6*l - 8. Let p(w) = w**3 + w**2 - 1. Let s(i) = g(i) - 3*p(i). Is s(12) a composite number?
False
Suppose -5*w = -3*z - 6328, -3*z - 2524 = -w - w. Suppose -w = -7*n + 5*n. Is n a prime number?
False
Let d = -7 + 9. Suppose -6*t + b = -d*t - 1348, 1348 = 4*t + b. Is t composite?
False
Suppose 2*b - 59094 - 22124 = 0. Is b a prime number?
True
Let z(g) = 41*g**2 + 17*g + 25. Is z(-11) a prime number?
True
Let i = 51 - 41. Is (i/((-140)/(-539)))/((-1)/(-2)) prime?
False
Let f be ((-3)/(-2))/((-4)/40). Is 8/12 - 1235/f composite?
False
Suppose -22*s = -36*s + 121982. Is s composite?
False
Suppose 0*l + 57 = 19*l. Is (l + (2 - 4))/((-3)/(-4803)) a composite number?
False
Suppose 10*m = 4397 + 3903. Suppose 757 + m = 3*o. Is o composite?
True
Suppose 5*k = -g + 15, 2*k + 1 = 7. Suppose g = 2*b - 5*j - 138, -2*b + 114 = 2*j - j. Is b composite?
False
Let y(s) = -7*s**2 - 19*s + 4. Let d be y(8). Let a = 1397 - d. Is a composite?
False
Suppose -2*h - 1108 = 144. Suppose 34*x - 40*x = -6810. Let j = h + x. Is j composite?
False
Let c be (-2)/(-5) - 7532/(-70). Let m = 59 + c. Is m prime?
True
Suppose -5*h - 6*h + 3245 = 0. Let x be -120*((-3)/(-6) - 1). Let r = x + h. Is r a composite number?
True
Suppose -5*j + 0*c = -2*c + 1115, -3*j - 2*c = 685. Let q = -2 - j. Is q composite?
False
Let u(b) be the third derivative of b**5/15 - 11*b**4/24 - b**3 + 40*b**2. Is u(7) prime?
True
Suppose -3*y = -5 + 2. Let b be (27/36)/(y/4). Suppose -2*d + 155 = b*d. Is d a prime number?
True
Let k be (-102)/4*(-12124)/(-6). Is (k/42 - 2/(-6))*-2 a composite number?
True
Is 15/(-3) - (-10 - (10 - -5938)) a composite number?
False
Let u = 11 - 11. Suppose 4*n - 836 - 140 = u. Suppose -4*z = -3*j - 943, 0 = -2*z + j + n + 227. Is z a composite number?
True
Is 4/12*(221 - 8) a prime number?
True
Let l = 135 + -266. Suppose 3*o = 2*z - o + 16, -o = 4*z + 32. Is l*(1 - z/(-4)) a prime number?
True
Let q(x) = 198*x - 1. Let p = -11 - -21. Let u be 2/p + 36/20. Is q(u) prime?
False
Let w(o) = -2*o**3 - 6*o**2 + 2*o + 6. Let j be w(-7). Let a = j + -257. Is a a composite number?
False
Let b(j) = -92*j**3 - 2*j**2 - j + 5. Is b(-3) composite?
True
Let f = -118 + 187. Let r = 260 - f. Is r prime?
True
Suppose -20306 = 9*c - 35*c. Is c a composite number?
True
Let q be (2 + (-243)/12)*-12. Suppose 2*o - 203 = q. Is o composite?
False
Let l be 0*(-3 - (-1 - 1)). Let p(d) = -2 + l + 2*d - 2 + d**2. Is p(5) a prime number?
True
Let v be (-1 - (-2 - -2))*908. Let t = v + 1411. Suppose -t = -l - 4*s, 0*s + 4 = -2*s. Is l a prime number?
False
Let f(y) be the third derivative of -3*y**4/8 - y**3/6 + 10*y**2. Is f(-10) composite?
False
Let b(l) = 44*l**3 - 3*l**2 + 7*l + 39. Is b(8) composite?
True
Let z be ((-14)/6 + 5)/(4/6). Let t(n) = n**2 + n + 613. Let x be t(0). Suppose 2*l + x = 3*f, -z = -4*l - 0. Is f a prime number?
False
Let f(j) = 4452*j**3 - 11*j - 2. Is f(3) composite?
True
Is 3/(-18) - 177842/(-84) composite?
True
Suppose 4*h - 12 = -0*h. Let y be (-6)/39 + (-6)/(-39). Suppose 362 = -y*j + 2*j - 5*l, h*j = -2*l + 581. Is j composite?
False
Let q(p) = 29*p - 39. Is q(10) prime?
True
Let y be 6/4 - 3/(-6). Suppose -y*i = 2*i - 5*b - 265, -i = 5*b - 60. Let r = 62 + i. Is r a composite number?
False
Is (-1 + -5568 + 0)/(-1) a composite number?
False
Suppose 18*i - 19*i = 4. Is 2*(-4310)/i - (-1 - -3) a composite number?
False
Suppose 2*d + 2*f - 2172 = 0, -5*f + 1088 = 4*d - 3255. Is d composite?
False
Suppose 0 = -6*w + 53 + 1903. Is w prime?
False
Suppose 4*t + 1 + 3 = 0, 4*n = -3*t + 89353. Is n prime?
False
Suppose 0 = 2*b - 3*y - 3892, -3*b + 111*y = 108*y - 5835. Is b a prime number?
False
Is 3*(2839884/36)/17 a prime number?
True
Suppose -3*o + 5*w + 456 + 1263 = 0, -3*o + 1698 = 2*w. Suppose 2*p - 6*p + o = 0. Is p composite?
True
Is (33/(-11))/(6928/6940 + -1) composite?
True
Suppose 0 = -a + 3*x + 11, 5*x = -a - 2 - 3. Suppose -1189 = -2*d - 3*d + 3*m, 0 = -a*d - 5*m + 1205. Is d prime?
True
Let n be (1/1 - -1) + -238. Is 4/(16/12) - n prime?
True
Suppose o - 6 = 2. Suppose -2*q + 1 = -3*b, -4*b + 0*q + 4*q = o. Suppose 0 = 2*u - 3*u - 5*m + 4, -m - 60 = -b*u. Is u a composite number?
False
Suppose 0*p = 2*p - 8464. Suppose 4*n = -4*v + 2688, -5*v - p = -4*n - 1589. Is n a composite number?
True
Let x(b) = 3*b**2 + 2*b + 1. Let f be x(-1). Suppose 0 = y - f*y + 6. Suppose y*d - 18 = 3*d. Is d prime?
False
Let s be (-12 - (4 - 7))*1. Let z be (-14)/(-63) + (-169)/s. Suppose -p + z = -58. Is p a prime number?
False
Let q = -168 - -1871. Is q prime?
False
Let c = -37 - -35. Let l(t) = 22*t**2 + 3*t - 3. Is l(c) a prime number?
True
Suppose -5*o + 3*h - 25 + 102 = 0, -3*o + 55 = -4*h. Suppose 6*v + 